63
What is the greatest common factor of 100 and 325?
25
Calculate the highest common divisor of 494 and 190.
38
What is the highest common factor of 688 and 16?
16
What is the greatest common divisor of 416 and 3198?
26
What is the greatest common factor of 104 and 182?
26
Calculate the highest common divisor of 2 and 394.
2
Calculate the greatest common divisor of 2680 and 40.
40
What is the greatest common factor of 405 and 1800?
45
What is the highest common divisor of 180 and 1160?
20
What is the highest common factor of 16485 and 105?
105
Calculate the highest common divisor of 158 and 5293.
79
Calculate the greatest common divisor of 64 and 76.
4
What is the greatest common divisor of 240 and 270?
30
Calculate the highest common factor of 35 and 595.
35
Calculate the highest common divisor of 87 and 145.
29
Calculate the highest common factor of 24104 and 92.
92
Calculate the greatest common factor of 24376 and 8.
8
What is the highest common divisor of 146 and 2?
2
Calculate the greatest common divisor of 665 and 35.
35
Calculate the highest common divisor of 78 and 2938.
26
Calculate the greatest common factor of 36 and 1746.
18
What is the greatest common factor of 180 and 3930?
30
Calculate the greatest common divisor of 85 and 51.
17
Calculate the highest common factor of 344 and 43516.
172
Calculate the greatest common factor of 2904 and 11.
11
Calculate the highest common divisor of 8 and 1336.
8
What is the highest common factor of 104 and 23192?
104
Calculate the highest common factor of 374 and 102.
34
Calculate the greatest common divisor of 302 and 11325.
151
What is the greatest common factor of 7011 and 171?
171
What is the greatest common divisor of 405 and 324?
81
Calculate the greatest common divisor of 437 and 23.
23
What is the greatest common factor of 390 and 330?
30
Calculate the highest common factor of 384 and 72.
24
What is the highest common divisor of 21 and 69?
3
What is the highest common factor of 416 and 480?
32
Calculate the highest common factor of 1953 and 63.
63
Calculate the highest common factor of 24 and 128.
8
What is the highest common factor of 275 and 44?
11
What is the greatest common divisor of 544 and 64?
32
What is the highest common divisor of 48 and 456?
24
Calculate the highest common factor of 426 and 1136.
142
What is the greatest common factor of 800 and 100?
100
Calculate the highest common factor of 1 and 104.
1
What is the highest common factor of 3 and 10?
1
Calculate the highest common divisor of 304 and 80.
16
What is the greatest common factor of 5487 and 1593?
177
Calculate the greatest common factor of 612 and 68.
68
What is the greatest common factor of 90 and 135?
45
Calculate the greatest common divisor of 138 and 3105.
69
What is the greatest common divisor of 6 and 645?
3
What is the highest common divisor of 1854 and 3296?
206
What is the highest common factor of 12 and 540?
12
What is the greatest common divisor of 133 and 2261?
133
What is the highest common divisor of 945 and 385?
35
Calculate the highest common divisor of 30 and 12990.
30
Calculate the greatest common divisor of 424 and 8.
8
What is the greatest common divisor of 88 and 1496?
88
What is the highest common factor of 1441 and 429?
11
What is the highest common divisor of 10153 and 143?
143
What is the greatest common factor of 1392 and 87?
87
Calculate the highest common divisor of 4 and 1024.
4
Calculate the highest common factor of 3468 and 1020.
204
Calculate the greatest common factor of 5720 and 13.
13
What is the highest common divisor of 70 and 1645?
35
Calculate the greatest common divisor of 16 and 296.
8
What is the highest common divisor of 362 and 2?
2
Calculate the greatest common factor of 102 and 1377.
51
Calculate the highest common factor of 286 and 52.
26
What is the greatest common factor of 40 and 5?
5
Calculate the highest common factor of 5396 and 95.
19
What is the highest common factor of 377 and 783?
29
Calculate the greatest common factor of 790 and 237.
79
What is the greatest common factor of 51 and 1077?
3
What is the highest common divisor of 376 and 3525?
47
Calculate the highest common divisor of 24638 and 194.
194
Calculate the highest common factor of 32 and 5408.
32
What is the greatest common divisor of 525 and 200?
25
Calculate the greatest common divisor of 104 and 130.
26
What is the highest common factor of 6 and 2589?
3
Calculate the greatest common divisor of 72 and 104.
8
Calculate the greatest common factor of 1872 and 504.
72
Calculate the greatest common factor of 1275 and 119.
17
What is the highest common factor of 57 and 247?
19
Calculate the greatest common factor of 75 and 38175.
75
What is the highest common factor of 12 and 312?
12
What is the greatest common factor of 1102 and 290?
58
What is the highest common factor of 2 and 20920?
2
Calculate the greatest common factor of 45 and 99.
9
Calculate the greatest common divisor of 21 and 42.
21
What is the highest common factor of 10 and 50?
10
What is the highest common factor of 264 and 1668?
12
What is the greatest common divisor of 30 and 930?
30
Calculate the highest common factor of 13 and 169.
13
Calculate the highest common factor of 180 and 5490.
90
Calculate the highest common divisor of 2507 and 92.
23
Calculate the greatest common divisor of 1598 and 94.
94
Calculate the greatest common factor of 23746 and 186.
62
What is the highest common divisor of 176 and 594?
22
What is the highest common factor of 123 and 33?
3
Calculate the greatest common factor of 551 and 29.
29
Calculate the highest common factor of 30 and 54.
6
What is the greatest common factor of 14288 and 64?
16
What is the greatest common divisor of 12 and 492?
12
Calculate the highest common factor of 140 and 315.
35
What is the greatest common divisor of 1460 and 740?
20
What is the highest common factor of 559 and 86?
43
Calculate the highest common divisor of 70 and 175.
35
Calculate the highest common factor of 938 and 67.
67
What is the greatest common factor of 333 and 3?
3
Calculate the greatest common divisor of 104 and 286.
26
Calculate the highest common factor of 16166 and 548.
274
Calculate the greatest common factor of 11600 and 80.
80
What is the highest common factor of 6 and 342?
6
Calculate the highest common factor of 74 and 148.
74
Calculate the highest common divisor of 1694 and 434.
14
Calculate the highest common divisor of 6416 and 48.
16
What is the greatest common divisor of 264 and 2409?
33
What is the highest common factor of 30 and 6810?
30
What is the greatest common divisor of 5026 and 14?
14
What is the greatest common factor of 153 and 816?
51
What is the highest common factor of 316 and 553?
79
Calculate the highest common factor of 1029 and 42.
21
Calculate the greatest common factor of 88 and 40.
8
What is the greatest common divisor of 1635 and 105?
15
Calculate the highest common factor of 33 and 891.
33
What is the greatest common divisor of 900 and 100?
100
What is the greatest common factor of 5174 and 26?
26
What is the greatest common divisor of 72 and 75?
3
What is the greatest common factor of 37 and 9287?
37
What is the greatest common divisor of 13 and 156?
13
Calculate the greatest common factor of 26 and 1235.
13
Calculate the greatest common divisor of 7 and 98.
7
What is the greatest common divisor of 99 and 27?
9
Calculate the greatest common factor of 26 and 169.
13
Calculate the greatest common factor of 189 and 77.
7
Calculate the greatest common factor of 1564 and 69.
23
What is the greatest common divisor of 22 and 110?
22
Calculate the greatest common factor of 1606 and 73.
73
Calculate the highest common divisor of 5 and 280.
5
What is the greatest common divisor of 60 and 220?
20
What is the greatest common factor of 411 and 548?
137
Calculate the greatest common divisor of 1620 and 840.
60
Calculate the greatest common divisor of 23 and 989.
23
What is the greatest common factor of 63 and 657?
9
What is the highest common divisor of 33 and 682?
11
Calculate the greatest common divisor of 34 and 918.
34
What is the greatest common factor of 24 and 408?
24
What is the highest common factor of 148 and 1554?
74
Calculate the highest common factor of 20 and 50.
10
C